{"id":8,"date":"2019-08-16T17:16:31","date_gmt":"2019-08-16T17:16:31","guid":{"rendered":"http:\/\/rosselheim.de\/?page_id=8"},"modified":"2020-01-24T18:11:43","modified_gmt":"2020-01-24T18:11:43","slug":"startseite","status":"publish","type":"page","link":"http:\/\/rosselheim.de\/","title":{"rendered":"Startseite"},"content":{"rendered":"\n<p>Herzlich Willkommen auf der Seite Rosselheim. Hier finden Sie informationen rund um die Kinder und Jugendarbeit aus den Gemeinde Ev. Cyriakusgemeinde R\u00f6delheim und der Ev. Regenbogengemeinde Sossenheim. Aus diesem zusammenschlu\u00df entstand auch der Name www.rosselheim.de. <\/p>\n\n\n\n<p>Hier wollen wir Ihnen einen Einblick \u00fcber Zuk\u00fcnfitge und auch aktuell laufende Projekte <\/p>\n","protected":false},"excerpt":{"rendered":"<p>Herzlich Willkommen auf der Seite Rosselheim. Hier finden Sie informationen rund um die Kinder und Jugendarbeit aus den Gemeinde Ev. Cyriakusgemeinde R\u00f6delheim und der Ev. Regenbogengemeinde Sossenheim. Aus diesem zusammenschlu\u00df entstand auch der Name www.rosselheim.de. Hier wollen wir Ihnen einen Einblick \u00fcber Zuk\u00fcnfitge und auch aktuell laufende Projekte<\/p>\n","protected":false},"author":1,"featured_media":0,"parent":0,"menu_order":0,"comment_status":"closed","ping_status":"closed","template":"","meta":{"footnotes":""},"class_list":["post-8","page","type-page","status-publish","hentry"],"_links":{"self":[{"href":"http:\/\/rosselheim.de\/index.php\/wp-json\/wp\/v2\/pages\/8","targetHints":{"allow":["GET"]}}],"collection":[{"href":"http:\/\/rosselheim.de\/index.php\/wp-json\/wp\/v2\/pages"}],"about":[{"href":"http:\/\/rosselheim.de\/index.php\/wp-json\/wp\/v2\/types\/page"}],"author":[{"embeddable":true,"href":"http:\/\/rosselheim.de\/index.php\/wp-json\/wp\/v2\/users\/1"}],"replies":[{"embeddable":true,"href":"http:\/\/rosselheim.de\/index.php\/wp-json\/wp\/v2\/comments?post=8"}],"version-history":[{"count":2,"href":"http:\/\/rosselheim.de\/index.php\/wp-json\/wp\/v2\/pages\/8\/revisions"}],"predecessor-version":[{"id":44,"href":"http:\/\/rosselheim.de\/index.php\/wp-json\/wp\/v2\/pages\/8\/revisions\/44"}],"wp:attachment":[{"href":"http:\/\/rosselheim.de\/index.php\/wp-json\/wp\/v2\/media?parent=8"}],"curies":[{"name":"wp","href":"https:\/\/api.w.org\/{rel}","templated":true}]}}